43, 113
What are the prime factors of 1166571?
3, 7, 18517
List the prime factors of 654313.
11, 17, 3499
List the prime factors of 34031395.
5, 6806279
What are the prime factors of 1661797?
19, 149, 587
What are the prime factors of 2791710?
2, 3, 5, 31019
What are the prime factors of 197518?
2, 61, 1619
List the prime factors of 2856850.
2, 5, 17, 3361
List the prime factors of 2787654.
2, 3, 29, 37, 433
List the prime factors of 2085846.
2, 3, 7, 49663
List the prime factors of 826376.
2, 53, 1949
List the prime factors of 3915357.
3, 409, 3191
What are the prime factors of 781574?
2, 593, 659
What are the prime factors of 6988875?
3, 5, 18637
What are the prime factors of 36873921?
3, 7, 71, 3533
List the prime factors of 59541.
3, 89, 223
List the prime factors of 8716803.
3, 2905601
List the prime factors of 83171.
11, 7561
What are the prime factors of 4336927?
7, 619561
List the prime factors of 815103.
3, 29, 347
List the prime factors of 182486.
2, 91243
List the prime factors of 22299274.
2, 17, 19, 34519
List the prime factors of 624351.
3, 7, 13, 2287
What are the prime factors of 5413217?
5413217
List the prime factors of 983618.
2, 23, 21383
List the prime factors of 675975.
3, 5, 9013
What are the prime factors of 6135540?
2, 3, 5, 102259
List the prime factors of 805885.
5, 17, 19, 499
List the prime factors of 196215.
3, 5, 103, 127
List the prime factors of 18325178.
2, 9162589
List the prime factors of 2989374.
2, 3, 601, 829
List the prime factors of 59415.
3, 5, 17, 233
What are the prime factors of 588453?
3, 73, 2687
List the prime factors of 5662030.
2, 5, 11, 51473
What are the prime factors of 800466?
2, 3, 89, 1499
What are the prime factors of 4807208?
2, 7, 85843
List the prime factors of 2591365.
5, 7, 1511
What are the prime factors of 922163?
11, 83833
List the prime factors of 29881789.
7, 59, 72353
What are the prime factors of 16326675?
3, 5, 149, 487
What are the prime factors of 267114?
2, 3, 44519
What are the prime factors of 612799?
11, 17, 29, 113
List the prime factors of 97490.
2, 5, 9749
List the prime factors of 128126.
2, 64063
What are the prime factors of 1138890?
2, 3, 5, 37963
What are the prime factors of 344669?
13, 26513
What are the prime factors of 3367239?
3, 101, 11113
What are the prime factors of 406088?
2, 23, 2207
What are the prime factors of 24546411?
3, 2727379
What are the prime factors of 1004671?
1004671
What are the prime factors of 389062?
2, 17, 11443
List the prime factors of 19745343.
3, 613, 1193
List the prime factors of 458937.
3, 50993
List the prime factors of 2653880.
2, 5, 66347
What are the prime factors of 4755995?
5, 67, 14197
List the prime factors of 486137.
41, 71, 167
What are the prime factors of 1701596?
2, 13, 43, 761
List the prime factors of 1438329.
3, 89, 5387
List the prime factors of 21292647.
3, 7097549
What are the prime factors of 8541215?
5, 53, 167, 193
What are the prime factors of 982072?
2, 7, 13, 19, 71
What are the prime factors of 6102165?
3, 5, 406811
What are the prime factors of 270843?
3, 90281
List the prime factors of 171471.
3, 61, 937
List the prime factors of 19734074.
2, 9867037
What are the prime factors of 228372?
2, 3, 19031
What are the prime factors of 183890?
2, 5, 7, 37, 71
What are the prime factors of 299117?
7, 13, 19, 173
List the prime factors of 30114.
2, 3, 7, 239
List the prime factors of 859452.
2, 3, 11, 17, 383
What are the prime factors of 22288464?
2, 3, 11, 14071
What are the prime factors of 13150972?
2, 79, 41617
List the prime factors of 3793656.
2, 3, 31, 5099
List the prime factors of 138491.
19, 37, 197
What are the prime factors of 723628?
2, 180907
What are the prime factors of 319164?
2, 3, 26597
List the prime factors of 1640475.
3, 5, 23, 317
What are the prime factors of 224934?
2, 3, 37489
List the prime factors of 30846159.
3, 53, 64667
List the prime factors of 1691063.
11, 153733
List the prime factors of 7226023.
7, 19, 54331
What are the prime factors of 15160226?
2, 17, 47, 53, 179
What are the prime factors of 436914?
2, 3, 29, 31
List the prime factors of 6126561.
3, 7, 31, 3137
List the prime factors of 32410690.
2, 5, 13, 29, 8597
What are the prime factors of 1966718?
2, 13, 67, 1129
List the prime factors of 319212.
2, 3, 8867
What are the prime factors of 374372?
2, 173, 541
List the prime factors of 126435.
3, 5, 8429
What are the prime factors of 196589?
73, 2693
List the prime factors of 969973.
619, 1567
What are the prime factors of 384153?
3, 7, 11, 1663
List the prime factors of 1538657.
1538657
What are the prime factors of 919628?
2, 149, 1543
What are the prime factors of 154587?
3, 227
What are the prime factors of 5749326?
2, 3, 11, 9679
What are the prime factors of 353962?
2, 7, 131, 193
What are the prime factors of 545701?
13, 3229
List the prime factors of 4488886.
2, 647, 3469
What are the prime factors of 864850?
2, 5, 7, 353
List the prime factors of 678914.
2, 23, 14759
List the prime factors of 11122532.
2, 997, 2789
What are the prime factors of 1021587?
3, 7, 48647
List the prime factors of 6332819.
41, 154459
List the prime factors of 4452932.
2, 11, 101203
List the prime factors of 3148332.
2, 3, 11, 17, 23, 61
List the prime factors of 938896.
2, 7, 83, 101
What are the prime factors of 882840?
2, 3, 5, 7, 1051
List the prime factors of 1125864.
2, 3, 19, 823
What are the prime factors of 140856?
2, 3, 5869
List the prime factors of 9932706.
2, 3, 7, 19, 461
List the prime factors of 615536.
2, 17, 31, 73
List the prime factors of 1834324.
2, 499, 919
List the prime factors of 213513.
3, 71171
What are the prime factors of 13970853?
3, 13, 53, 751
List the prime factors of 4963021.
7, 59, 61, 197
What are the prime factors of 749849?
41, 18289
List the prime factors of 13105187.
29, 451903
List the prime factors of 89465.
5, 29, 617
List the prime factors of 1477238.
2, 7, 105517
What are the prime factors of 6468243?
3, 31, 157, 443
List the prime factors of 482421.
3, 160807
What are the prime factors of 551437?
19, 29023
List the prime factors of 709616.
2, 44351
What are the prime factors of 240110?
2, 5, 13, 1847
What are the prime factors of 3286956?
2, 3, 273913
List the prime factors of 1079594.
2, 539797
What are the prime factors of 2328933?
3, 103, 7537
What are the prime factors of 21393549?
3, 1231, 1931
What are the prime factors of 2218342?
2, 7, 193, 821
List the prime factors of 325606.
2, 71, 2293
List the prime factors of 548933.
7, 11, 7129
What are the prime factors of 188496?
2, 3, 7, 11, 17
What are the prime factors of 183771?
3, 7, 2917
List the prime factors of 1544947.
19, 31, 43, 61
List the prime factors of 152513.
19, 23, 349
List the prime factors of 104523.
3, 34841
What are the prime factors of 124489?
124489
List the prime factors of 1761998.
2, 7, 127, 991
What are the prime factors of 206230?
2, 5, 41, 503
List the prime factors of 607400.
2, 5, 3037
List the prime factors of 717239.
239, 3001
List the prime factors of 329720.
2, 5, 8243
List the prime factors of 18431.
7, 2633
What are the prime factors of 6680136?
2, 3, 43, 6473
List the prime factors of 2581302.
2, 3, 19, 22643
List the prime factors of 12929921.
419, 30859
List the prime factors of 902962.
2, 451481
What are the prime factors of 179156?
2, 44789
List the prime factors of 1944150.
2, 3, 5, 13, 997
What are the prime factors of 647133?
3, 109, 1979
List the prime factors of 3679092.
2, 3, 102197
What are the prime factors of 58420?
2, 5, 23, 127
List the prime factors of 3764464.
2, 11, 73, 293
List the prime factors of 85554.
2, 3, 7, 97
What are the prime factors of 119052?
2, 3, 3307
List the prime factors of 742011.
3, 247337
List the prime factors of 4176954.
2, 3, 77351
List the prime factors of 1281658.
2, 7, 43, 2129
List the prime factors of 7536455.
5, 1507291
What are the prime factors of 235847?
19, 12413
What are the prime factors of 15059440?
2, 5, 11, 109, 157
What are the prime factors of 13434492?
2, 3, 107, 10463
What are the prime factors of 368854?
2, 43, 4289
What are the prime factors of 242248?
2, 107, 283
List the prime factors of 4132457.
7, 73, 8087
List the prime factors of 198381.
3, 89, 743
What are the prime factors